USE Sales;
/* Indsæt data i Saelger */
INSERT INTO Saelger(Navn,StartDato,Email,MedarbNr) 
	VALUES ('Anders','20010501','anders@mail.dk',1);  
INSERT INTO Saelger(Navn,StartDato,Email,MedarbNr) 
	VALUES ('Charly','20030501','charly@mail.dk',2);  
INSERT INTO Saelger(Navn,StartDato,Email,MedarbNr) 
	VALUES ('Bent','20020501','bent@mail.dk',3);  	

/* Indsæt data i TelefonNr */
INSERT INTO TelefonNr(Nr,Saelger)
	VALUES ('23546476',1);
INSERT INTO TelefonNr(Nr,Saelger)
	VALUES ('45653465',2);
INSERT INTO TelefonNr(Nr,Saelger)
	VALUES ('54674323',1);

/* INdsæt data i Bil */
INSERT INTO Bil(RegNr,Maerke,RegAar,Saelger)
	VALUES ('AA12345','Opel','20030402',1);
INSERT INTO Bil(RegNr,Maerke,RegAar,Saelger)
	VALUES ('BB12345','Bentley','19960412',2);
INSERT INTO Bil(RegNr,Maerke,RegAar,Saelger)
	VALUES ('CC12345','BMW','20080412',3);

/* Indsæt data i  Kunde */
INSERT INTO Kunde(KundeNr,Navn,Email,Saelger)
	VALUES ('1','Bilka','bilka@mail.dk',1);
INSERT INTO Kunde(KundeNr,Navn,Email,Saelger)
	VALUES ('2','Føtex','Føtex@mail.dk',1);
INSERT INTO Kunde(KundeNr,Navn,Email,Saelger)
	VALUES ('3','Alta','Alta@mail.dk',2);
INSERT INTO Kunde(KundeNr,Navn,Email,Saelger)
	VALUES ('4','Netto','Netto@mail.dk',2);
INSERT INTO Kunde(KundeNr,Navn,Email,Saelger)
	VALUES ('5','Kiwi','Kiwi@mail.dk',3);
INSERT INTO Kunde(KundeNr,Navn,Email,Saelger)
	VALUES ('6','Brugsen','Brugsen@mail.dk',3);
INSERT INTO Kunde(KundeNr,Navn,Email,Saelger)
	VALUES ('7','SuperBest','SuperBest@mail.dk',3);


INSERT INTO Vare(VareNr,VareNavn) VALUES (1,'Appelsin');
INSERT INTO Vare(VareNr,VareNavn) VALUES (2,'Banan');
INSERT INTO Vare(VareNr,VareNavn) VALUES (3,'Citron');
INSERT INTO Vare(VareNr,VareNavn) VALUES (4,'Dadel');
INSERT INTO Vare(VareNr,VareNavn) VALUES (5,'Figen');
INSERT INTO Vare(VareNr,VareNavn) VALUES (6,'Grape');
INSERT INTO Vare(VareNr,VareNavn) VALUES (7,'Kivi');
INSERT INTO Vare(VareNr,VareNavn) VALUES (8,'Lime');
INSERT INTO Vare(VareNr,VareNavn) VALUES (9,'Melon');

INSERT INTO KoebesAf (Kunde,Vare) VALUES (1,1);
INSERT INTO KoebesAf (Kunde,Vare) VALUES (1,3);
INSERT INTO KoebesAf (Kunde,Vare) VALUES (1,4);
INSERT INTO KoebesAf (Kunde,Vare) VALUES (1,6);
INSERT INTO KoebesAf (Kunde,Vare) VALUES (1,7);
INSERT INTO KoebesAf (Kunde,Vare) VALUES (1,8);
INSERT INTO KoebesAf (Kunde,Vare) VALUES (2,1);
INSERT INTO KoebesAf (Kunde,Vare) VALUES (2,2);
INSERT INTO KoebesAf (Kunde,Vare) VALUES (2,5);
INSERT INTO KoebesAf (Kunde,Vare) VALUES (2,6);
INSERT INTO KoebesAf (Kunde,Vare) VALUES (2,9);
INSERT INTO KoebesAf (Kunde,Vare) VALUES (3,2);
INSERT INTO KoebesAf (Kunde,Vare) VALUES (3,4);
INSERT INTO KoebesAf (Kunde,Vare) VALUES (3,5);
INSERT INTO KoebesAf (Kunde,Vare) VALUES (3,6);
INSERT INTO KoebesAf (Kunde,Vare) VALUES (3,8);
INSERT INTO KoebesAf (Kunde,Vare) VALUES (4,2);
INSERT INTO KoebesAf (Kunde,Vare) VALUES (4,3);
INSERT INTO KoebesAf (Kunde,Vare) VALUES (4,5);
INSERT INTO KoebesAf (Kunde,Vare) VALUES (4,6);
INSERT INTO KoebesAf (Kunde,Vare) VALUES (4,9);
INSERT INTO KoebesAf (Kunde,Vare) VALUES (5,1);
INSERT INTO KoebesAf (Kunde,Vare) VALUES (5,2);
INSERT INTO KoebesAf (Kunde,Vare) VALUES (5,4);
INSERT INTO KoebesAf (Kunde,Vare) VALUES (5,9);
INSERT INTO KoebesAf (Kunde,Vare) VALUES (6,2);
INSERT INTO KoebesAf (Kunde,Vare) VALUES (6,3);
INSERT INTO KoebesAf (Kunde,Vare) VALUES (6,4);
INSERT INTO KoebesAf (Kunde,Vare) VALUES (6,7);
INSERT INTO KoebesAf (Kunde,Vare) VALUES (6,8);
INSERT INTO KoebesAf (Kunde,Vare) VALUES (7,5);
INSERT INTO KoebesAf (Kunde,Vare) VALUES (7,8);
INSERT INTO KoebesAf (Kunde,Vare) VALUES (7,9);
